s of p?
3, 97
Suppose 73*x - 2065041 = -26*x. List the prime factors of x.
3, 17, 409
Let o(b) = -b**3 + 29*b**2 - 53*b - 27. Let q be o(27). Let u(m) = -4*m + 442. List the prime factors of u(q).
2, 13, 17
Suppose 2*g + s = 4, g = 3*s - 0 + 2. Suppose -g*l = -5*t - 235, -7*l + 3*t + 578 = -2*l. List the prime factors of l.
5, 23
Let n be (-451)/44 + 11 - (-10)/8. Let l be ((-246)/(-8))/((-2)/(-8)). Suppose -2*w = -r - l, -101 = 3*w + n*r - 303. What are the prime factors of w?
2
Let y = 99492 + -58997. What are the prime factors of y?
5, 7, 13, 89
What are the prime factors of (48901384/77)/17 + (-6)/(-33)?
2, 18679
Suppose 0 = -3*s - 2*b + 72495, -72474 = -3*s + 11*b - 6*b. List the prime factors of s.
73, 331
Suppose -11*t - 370 = -1217. Suppose 0 = s + 69 - t. What are the prime factors of s?
2
Let g(i) = 38*i**2 - 16*i - 9. Let m be g(8). Suppose 5*d = -12*f + 7*f + m, 0 = -5*d + 10. What are the prime factors of f?
457
Let f(u) = 238*u**2 + 3*u - 15. Let v be f(-5). List the prime factors of (v/8)/(3 - 1).
2, 5, 37
Suppose 0 = -106*i + 119*i - 52. Suppose 11*h + i*h - 12330 = 0. What are the prime factors of h?
2, 3, 137
Suppose -796 = 20*g - 24*g. Let d(o) = -11*o - 4. Let w be d(-3). Suppose -12*t = -g - w. List the prime factors of t.
19
Let z(h) = -3*h**3 - 2*h**2 - 3*h + 3. Suppose -2*x + 2 = o, 4*o = 5*x + 12 - 4. Let r be (0 - o) + 4/(-4). What are the prime factors of z(r)?
3, 5
Suppose 6*u - 5 = 25. Suppose 3*q + 4*z - 397 = 0, -827 = -u*q + 3*z - 175. List the prime factors of q.
131
Let m(y) = 259*y**2. Let v be m(1). Let t(x) = 49*x**3 + x**2 + 2*x - 3. Let i be t(1). Let n = v - i. What are the prime factors of n?
2, 3, 5, 7
Suppose -5*c - 4*x = -523, 2*c - 6*c = -4*x - 404. Let t = 126 - 122. Suppose -c - 279 = -t*z + 5*g, 3*g + 99 = z. What are the prime factors of z?
3, 31
Let i = 1030 + 2081. What are the prime factors of i?
3, 17, 61
Suppose 15*q - 13*q = 3*g + 73076, 0 = 3*q + 3*g - 109644. What are the prime factors of q?
2, 571
Suppose 8*t - 11*t = -201. Let a(z) = -11*z + 135. Let x be a(12). Suppose -x*q + 3*s = 2*s - 217, -s = q - t. List the prime factors of q.
71
List the prime factors of ((-28151)/(-5)*-1)/((72/(-45))/8).
28151
Let p = 1808 - 989. Let r = p + -497. List the prime factors of r.
2, 7, 23
Suppose -3*t = -285 - 288. Suppose 1225 + t = 8*f. List the prime factors of f.
3, 59
Let u(g) = 2*g**2 + 10*g + 17. Let z be u(-4). What are the prime factors of (-6 + 495/(-10))*(-6)/z?
37
Let h(q) = 69*q - 92. Let s be h(-8). Let u = s - -944. What are the prime factors of u?
2, 3, 5
Let i be 12/(-10) - (-424)/20. What are the prime factors of 16824/20 + (-4)/i?
29
List the prime factors of (11/(22/(-6)))/1 - (-8444)/2.
4219
Suppose -20*i + 25*i - 1005 = 0. Suppose 2*k = i + 411. Suppose -29*z + 32*z - k = 0. What are the prime factors of z?
2, 3, 17
Let x = 17838 + -3901. List the prime factors of x.
7, 11, 181
Suppose -20*w - 20 + 120 = 0. Suppose w*h - 170 = 3*h. What are the prime factors of h?
5, 17
Let u(g) = g**2 - g + 1. Let q(i) = 8*i**2 - 168*i - 44. Let d(v) = -q(v) + 4*u(v). List the prime factors of d(37).
2, 5
Let b(z) = 0*z**2 + 3*z - z**2 - 8*z. Let q be b(-4). Suppose -4*w - 2*m = -q*m - 264, m - 4 = 0. List the prime factors of w.
2, 17
Let r(t) = 7*t + 11. Let j(v) = 4*v + 6. Let l(a) = -11*j(a) + 6*r(a). Let g be l(11). Let w = g + 90. List the prime factors of w.
2, 17
Suppose -259 = 7*s - 49. Let d be (108/s)/(3/(-60)). Let r = d - 55. List the prime factors of r.
17
Let i be (-6)/2*(8 + (-434)/(-21)). Let j = 163 + i. What are the prime factors of j?
7, 11
Suppose 102 = -7*r + 473. Suppose 49 - r = -2*o. What are the prime factors of 160 - (o/8 + (-30)/24)?
7, 23
Suppose 2*k - 8 = 0, -i - 4*i - k + 15534 = 0. Suppose -n + 2699 + 409 = 5*q, 2*n - i = -5*q. List the prime factors of q.
2, 311
Let h be 1/(-2)*(-68)/(-34). List the prime factors of (6 - 5)/(h/(-571)).
571
Let l be (-1 - -21)*4/10. Let v(k) = -72 + 82 + 3*k + 8*k + k. List the prime factors of v(l).
2, 53
Let h(y) = 2078*y - 1418. List the prime factors of h(10).
2, 3, 7, 461
Let t be (10/(-16))/(1/(-8)). Suppose 8*p - 3*p - 818 = 4*w, t*w + 10 = 0. Let l = p - 110. List the prime factors of l.
2, 13
Let p(t) = 6*t**2 + t - 62. Let s(q) = 6*q**2 - 62. Let z(j) = -4*p(j) + 5*s(j). What are the prime factors of z(8)?
2, 5, 29
Let n = -20 + 35. Suppose 19*m - 14*m = n. List the prime factors of (-12)/m + -1 + 40.
5, 7
Let q(j) = 10 - 6 + 11*j**2 - 7*j**3 - 5*j + 10 + 6*j**3. Let l = -21 + 31. What are the prime factors of q(l)?
2
Suppose -229*b - 869322 = -3210847. List the prime factors of b.
5, 409
Let h(y) = 5*y - 18. Let r be h(6). Suppose -14*a + 194 = -r*a. Suppose -a = -c - 0*c. List the prime factors of c.
97
List the prime factors of (-3386390)/(-1274)*26/2.
5, 6911
Suppose 7*u + 106 = 3879. Let d = 904 - u. List the prime factors of d.
5, 73
Let l be ((-4)/((-8)/3))/((-4)/(-728)). Suppose -4*m = -r + l, -5*r + 248 = m - 1201. What are the prime factors of r?
17
Let j(l) = 104*l**2 - 213*l + 183. List the prime factors of j(21).
2, 3, 13, 41
Let w(y) = -6*y**3 + 10*y**2 + 4*y + 29. Let g(x) = 5*x**3 - 11*x**2 - 4*x - 29. Let z(o) = 7*g(o) + 6*w(o). What are the prime factors of z(-17)?
3, 13
Let b = 112 - 201. Let l be (-7 - -25)*b/(-3). Let w = l - 271. List the prime factors of w.
263
Suppose 52*j = -167*j + 3153600. What are the prime factors of j?
2, 3, 5
Suppose -5659 = -4*g - 5*v, 6*v = -2*g + 4*v + 2832. What are the prime factors of g?
7, 29
Let x = -942 + 1420. Let c = x + -17. List the prime factors of c.
461
Let h(m) = m**3 + 85*m**2 - 32*m + 242. List the prime factors of h(-84).
2, 4993
Suppose -26 = 11*i - 59. Suppose -i*h = -2*g - g - 1245, -g + 1 = 0. List the prime factors of h.
2, 13
Let d(l) = l**3 + l**2 - 10*l - 6. Let n be d(3). Suppose n = 3*w - 2*h - 1051, -701 = 3*w + 5*h - 1780. List the prime factors of w.
353
Let l(t) = 12*t**2 + 2*t - 1. Let j be l(2). Let c = j - -44. Suppose -4*k + 511 - c = 0. What are the prime factors of k?
2, 13
Let m be 417/2*-8*(-6)/72. Suppose 2*a = 449 + m. List the prime factors of a.
2, 3, 7
List the prime factors of 48481/3 + (8/(-12))/((-2)/(-1)).
2, 5, 101
Let v = -595 + 1503. Let j = v + -300. What are the prime factors of j?
2, 19
Let i(p) = -20*p - 38*p**2 - p**3 + 3 + 91*p**2 - 31*p**2. Let n be i(21). Let s = 65 - n. List the prime factors of s.
41
Let p = 171912 + -94784. What are the prime factors of p?
2, 31, 311
Let g = 5 + -3. Let f(x) = x**3 + 4*x - 4. Let t be f(g). List the prime factors of 92/t + (-5)/(-15).
2
Suppose 0 = 6*a - 2*a - u - 18242, -3*a + 13684 = -2*u. Suppose 22*z = 42*z - a. List the prime factors of z.
2, 3, 19
Suppose -5*c - 3051 - 25041 = -a, 4*a + 3*c - 112391 = 0. List the prime factors of a.
28097
Suppose -5*k - 5008 - 3853 = -4*n, 2*n - 4433 = 5*k. Let d = -1317 + n. What are the prime factors of d?
3, 13, 23
Suppose 227*a - 235*a + 1224 = 0. Suppose 0 = 129*i - 138*i + a. What are the prime factors of i?
17
Suppose 3*r - 2*s + 54 = 0, -2*s - 18 = r + s. Let b be 85/4 - (-1)/(-4). Let f = b + r. What are the prime factors of f?
3
Suppose 4971*a = 4978*a - 470834. List the prime factors of a.
2, 13, 199
Let j = -651 - -690. Let x = j + 1278. List the prime factors of x.
3, 439
Let n(p) = 715*p**2 - 7*p + 21. What are the prime factors of n(5)?
53, 337
Suppose -5*o + 57 + 628 = 0. Suppose 2*k - 274 = w, -7*w = k - 2*w - o. What are the prime factors of k?
137
Let v(k) = k**3 - 25*k**2 + 24*k - 32. Let l be v(24). Let a be (2 - 66/5)*-5. Let j = a - l. What are the prime factors of j?
2, 11
Let g(v) = 78*v**2 + 3*v + 21. Suppose 21 = 5*r + 36. What are the prime factors of g(r)?
2, 3, 7, 17
Let l(u) = 3*u - 45. Let q be l(22). Let c be 8*(1 + q/6). What are the prime factors of c/21*(-5 - -12)?
2, 3
Suppose 4*k = 2*k + 156. Let n(a) = -a**3 - 22*a**2 - 41*a - 18. Let t be n(-20). List the prime factors of t + 0 + k*(1 + 0).
2, 5
Let b(u) = -10*u**2 - 73*u - 14. Let i be b(-7). What are the prime factors of 21/49 + 2314/i?
331
List the prime factors of (4/(-1) - 752810/(-15))/((-36)/(-54)).
5, 3011
Suppose 0 = -4*v + 5*k + 14210, -10656 = -39*v + 36*v + 3*k. What are the prime factors of v?
2, 5, 71
Suppose -8*l + 1281 = -1